89886333?
8
What is the ten thousands digit of 315027763?
2
What is the units digit of 230037855?
5
What is the thousands digit of 15758426?
8
What is the units digit of 80316751?
1
What is the billions digit of 1253654561?
1
What is the ten thousands digit of 190273001?
7
What is the thousands digit of 4468747256?
7
What is the tens digit of 72643629?
2
What is the ten millions digit of 30473271?
3
What is the thousands digit of 252429959?
9
What is the millions digit of 103882633?
3
What is the ten thousands digit of 102575447?
7
What is the tens digit of 18003604?
0
What is the hundred millions digit of 300456540?
3
What is the ten millions digit of 1134840039?
3
What is the hundreds digit of 20095337?
3
What is the ten millions digit of 36054598?
3
What is the tens digit of 5987682131?
3
What is the hundred thousands digit of 1039735568?
7
What is the hundred thousands digit of 2202908?
2
What is the tens digit of 36668139?
3
What is the millions digit of 1926864915?
6
What is the units digit of 62996210?
0
What is the ten thousands digit of 4405458448?
5
What is the thousands digit of 427176252?
6
What is the units digit of 3746422591?
1
What is the millions digit of 64632821?
4
What is the ten millions digit of 22601486?
2
What is the thousands digit of 42787198?
7
What is the billions digit of 9403254550?
9
What is the hundred thousands digit of 685543918?
5
What is the ten thousands digit of 573217267?
1
What is the ten millions digit of 23141558?
2
What is the ten millions digit of 114773667?
1
What is the millions digit of 5519556671?
9
What is the units digit of 790220997?
7
What is the units digit of 143735258?
8
What is the millions digit of 2220823487?
0
What is the ten thousands digit of 110061659?
6
What is the millions digit of 18386714?
8
What is the millions digit of 27335561?
7
What is the hundred thousands digit of 6602739?
6
What is the hundreds digit of 1103936265?
2
What is the units digit of 45776209?
9
What is the tens digit of 168147544?
4
What is the millions digit of 3593508846?
3
What is the ten millions digit of 3494545477?
9
What is the thousands digit of 2673067117?
7
What is the ten thousands digit of 5332628356?
2
What is the hundred millions digit of 5027356979?
0
What is the hundred millions digit of 576110046?
5
What is the hundreds digit of 1231561278?
2
What is the billions digit of 5080752290?
5
What is the thousands digit of 1052213527?
3
What is the ten thousands digit of 46833411?
3
What is the ten millions digit of 1214736542?
1
What is the hundred thousands digit of 1200920003?
9
What is the thousands digit of 1235311125?
1
What is the ten thousands digit of 42245619?
4
What is the hundred millions digit of 813187745?
8
What is the units digit of 80836449?
9
What is the ten thousands digit of 336801463?
0
What is the hundreds digit of 10424733?
7
What is the tens digit of 3291172072?
7
What is the hundred thousands digit of 90025594?
0
What is the millions digit of 43638442?
3
What is the thousands digit of 3708029738?
9
What is the hundreds digit of 264228063?
0
What is the units digit of 687601276?
6
What is the units digit of 143884534?
4
What is the millions digit of 2626084937?
6
What is the hundreds digit of 2525094900?
9
What is the ten thousands digit of 45989699?
8
What is the hundred millions digit of 100430557?
1
What is the hundred millions digit of 8433845019?
4
What is the ten millions digit of 1865033303?
6
What is the ten millions digit of 4514510701?
1
What is the hundreds digit of 17270444?
4
What is the thousands digit of 560954439?
4
What is the millions digit of 522035359?
2
What is the ten thousands digit of 76029019?
2
What is the thousands digit of 3676432174?
2
What is the ten thousands digit of 530933341?
3
What is the millions digit of 326137813?
6
What is the hundreds digit of 42322745?
7
What is the units digit of 445524314?
4
What is the tens digit of 623892345?
4
What is the tens digit of 7306979995?
9
What is the hundreds digit of 1910014446?
4
What is the millions digit of 645490675?
5
What is the tens digit of 3356230285?
8
What is the hundreds digit of 931551267?
2
What is the millions digit of 1230086155?
0
What is the thousands digit of 8469820?
9
What is the hundreds digit of 298843910?
9
What is the hundreds digit of 736235163?
1
What is the hundred millions digit of 6053096030?
0
What is the units digit of 81927080?
0
What is the millions digit of 20386845?
0
What is the hundreds digit of 389340598?
5
What is the thousands digit of 12277082?
7
What is the ten millions digit of 42334281?
4
What is the tens digit of 16044966?
6
What is the billions digit of 6088897173?
6
What is the units digit of 5615069589?
9
What is the hundred thousands digit of 324907635?
9
What is the ten millions digit of 52997127?
5
What is the hundred millions digit of 740173785?
7
What is the millions digit of 568219277?
8
What is the thousands digit of 1042773555?
3
What is the units digit of 229354105?
5
What is the hundred millions digit of 3210474942?
2
What is the millions digit of 138572409?
8
What is the ten thousands digit of 760370460?
7
What is the ten thousands digit of 330490277?
9
What is the billions digit of 7077924110?
7
What is the thousands digit of 18478767?
8
What is the ten millions digit of 15260015?
1
What is the millions digit of 4490017648?
0
What is the ten thousands digit of 69153414?
5
What is the ten millions digit of 2686844025?
8
What is the billions digit of 5937588278?
5
What is the tens digit of 50667511?
1
What is the units digit of 30356096?
6
What is the hundred millions digit of 912406613?
9
What is the tens digit of 297418812?
1
What is the thousands digit of 69339505?
9
What is the tens digit of 357477805?
0
What is the hundreds digit of 60876350?
3
What is the thousands digit of 3478911661?
1
What is the thousands digit of 694844114?
4
What is the ten thousands digit of 3308899586?
9
What is the thousands digit of 84650397?
0
What is the tens digit of 1747424327?
2
What is the hundreds digit of 52861404?
4
What is the ten millions digit of 477743099?
7
What is the hundred thousands digit of 351525463?
5
What is the thousands digit of 4465873?
5
What is the millions digit of 199056007?
9
What is the millions digit of 357041494?
7
What is the thousands digit of 1622054554?
4
What is the hundred thousands digit of 3024287361?
2
What is the tens digit of 61964559?
5
What is the hundred millions digit of 4888041358?
8
What is the units digit of 61928882?
2
What is the ten millions digit of 215114985?
1
What is the billions digit of 1603089116?
1
What is the tens digit of 23892965?
6
What is the billions digit of 3253420664?
3
What is the hundred thousands digit of 42200960?
2
What is the tens digit of 99500343?
4
What is the thousands digit of 352055256?
5
What is the millions digit of 8671176?
8
What is the hundred millions digit of 209658403?
2
What is the ten millions digit of 142367866?
4
What is the ten thousands digit of 150722281?
2
What is the hundred thousands digit of 31426294?
4
What is the hundred thousands digit of 6928673?
9
What is the thousands digit of 45675334?
5
What is the tens digit of 515130101?
0
What is the ten millions digit of 228825461?
2
What is the hundred thousands digit of 47660053?
6
What is the hundreds digit of 74255055?
0
What is the ten millions digit of 439250375?
3
What is the thousands digit of 213306533?
6
What is the units digit of 100165990?
0
What is the units digit of 130667402?
2
What is the ten thousands digit of 858207550?
0
What is the tens digit of 1754475960?
6
What is the units digit of 31156772?
2
What is the thousands digit of 27788435?
8
What is the units digit of 6801667?
7
What is the hundreds digit of 15793749?
7
What is the ten thousands digit of 2359423654?
2
What is the ten millions digit of 16608252?
1
What is the millions digit of 225763696?
5
What is the thousands digit of 217885918?
5
What is the hundred thousands digit of 991850735?
8
What is the ten millions digit of 105879118?
0
What is the thousands digit of 56854440?
4
What is the hundred thousands digit of 1213660741?
6
What is the ten thousands digit of 103084190?
8
What is the thousands digit of 4310204486?
4
What is the te